*j - 55*j = -28. Let o be ((-20)/(-35) + 0)/(2/j). Suppose i + o*d - 31 = 0, -3*i - 5*d - 71 = -5*i. What is the remainder when 98 is divided by i?
32
Suppose -7*q - 11*q = -432. Suppose 122 - 836 = -2*h. Suppose 3*z - h = -0*z. Calculate the remainder when z is divided by q.
23
Suppose 0 = -8*h + 4*h + 3*c + 14, -h = -c - 4. Suppose -h*d - 57 + 169 = 0. What is the remainder when d is divided by 1*28 + (-1 - -3)?
26
Let r(o) = -o**2 + 9*o + 20. Let z(p) = -19*p**3 + p**2 + 5*p - 1. Calculate the remainder when z(-2) is divided by r(6).
31
Suppose 21*c - 3070 + 655 = 0. Let o(d) = d**2 + d - 2. What is the remainder when c is divided by o(5)?
3
Let j be 59 + -59 + (0 - -611). Let m = j + -394. What is the remainder when m is divided by 22?
19
Let i(r) = r**2 + 12*r - 4. What is the remainder when 13/(52/200) - 6 is divided by i(-13)?
8
Suppose 4*g = 2*m - 5012, 4*m = g + 3618 + 6441. What is the remainder when m is divided by 63?
59
Let q = 466 - 463. Suppose 2*d + 64 = 6*d + 4*j, 4*j + 20 = q*d. What is the remainder when 28 is divided by d?
4
Suppose 4*m = 5*y + 284 + 111, -5*y + 235 = 3*m. Calculate the remainder when 313 is divided by m.
43
Let l be 3/2 + (2 - 2788/(-8)). Let a = l + -149. Calculate the remainder when a is divided by 41.
39
Let j = 140 - 83. Suppose -78 = -4*h + 2*x, 3*h - 32 = -2*x + 16. Let u(l) = -l**3 + 17*l**2 + 18*l + 30. Calculate the remainder when j is divided by u(h).
27
Let s = 64 + -4. Let g = s + -61. What is the remainder when -2 + 1/g + 29 + -6 is divided by 5?
0
Suppose -2*z + 4*u = -156, -27*z = -4*u + 566 - 2822. Calculate the remainder when 150 is divided by z.
66
Let s = -3923 + 3926. Calculate the remainder when 18 is divided by s.
0
Let r be -2*((-22)/3 - (-26)/78). Calculate the remainder when (-2 - 264/r)*(29 - 36) is divided by 68.
10
Suppose 16587 = -36*c + 25036 + 51671. Calculate the remainder when c is divided by 129.
122
Suppose -4*s + 0*s = -3*b + 47, -5*b + 93 = -3*s. Suppose -5*m = -2*d - 27, -55 = 2*m - 2*d - 67. Calculate the remainder when b is divided by m.
1
Let q(v) = -16*v - 640. Calculate the remainder when 609 is divided by q(-50).
129
Let y = 3363 - 3341. Calculate the remainder when 589 is divided by y.
17
Let s(d) = -d**3 + 23*d**2 + 7*d - 104. What is the remainder when 322 is divided by s(23)?
37
Suppose -9 = 3*a, 1 = -2*v + 2*a - 3*a. Suppose -2*i - 3 - v = 0. Let k(d) = 5*d**2 + 5*d + 4. What is the remainder when 24 is divided by k(i)?
10
Suppose 25*q + 10*q - 731 - 1439 = 0. Calculate the remainder when 1579 is divided by q.
29
Suppose 0 = 2*u + s - 356, 2*s = u - 29 - 154. Let m = u - 139. What is the remainder when (-157)/(2/(0 + -2)) is divided by m?
37
Suppose -22*i + 10494 = -82 - 5352. What is the remainder when i is divided by 42?
10
Suppose -4*q + 3*x = -460, 15*q = 13*q - 4*x + 252. Calculate the remainder when q is divided by 108.
10
Suppose 362 - 72 = j + 2*h, -25 = -5*h. What is the remainder when j is divided by 42?
28
Let q(h) = h**3 + 4*h**2 - 319*h + 2. What is the remainder when 570 is divided by q(16)?
12
Let k(w) = -61*w - 9. Let r(m) = m**3 - 3*m**2 - 43*m - 35. What is the remainder when k(-3) is divided by r(-4)?
24
Let h(l) = 2*l**2 - 9*l**2 - l - 21*l + 6*l**2. Calculate the remainder when h(-20) is divided by 21.
19
Suppose -d + o + 9 = d, 4*d - 22 = -2*o. Let u(h) = h**3 - 13*h**2 + 41*h + 1. Calculate the remainder when u(d) is divided by 3.
0
Let x = 17143 - 16681. What is the remainder when x is divided by 1?
0
Let x = -1854 - -3369. Calculate the remainder when x is divided by 23.
20
Suppose -38*k = -8*k - 810. Calculate the remainder when 1966 is divided by k.
22
Suppose -2*d - 31 = -3*d. What is the remainder when ((6 - 6) + 1)/((-6)/(-24)) - -78 is divided by d?
20
Let n(k) = -2*k**2 - 20*k + 139. What is the remainder when 78 is divided by n(-14)?
24
Let m(s) = 14*s**2 + 37*s + 7. Calculate the remainder when 2738 is divided by m(-4).
82
Suppose 0 = -3*g + 178 - 172. Suppose -g*u = 15 - 235. What is the remainder when u is divided by 57?
53
Suppose -4*f + 3872 = -4*a, 56*f + 2*a - 4840 = 51*f. Calculate the remainder when 1941 is divided by f.
5
Suppose -3*y - 14 = -4*p - 75, 0 = -4*p + y - 55. Let i(x) = -x**3 - 15*x**2 - 26*x + 6. What is the remainder when 20 is divided by i(p)?
2
Suppose 19 = -5*r - 3*i, 0*r + 4*i = r + 13. Let q(h) = 0*h + h + 0*h + 15. Calculate the remainder when 19 is divided by q(r).
9
Let x(i) = 13*i**3 - i**2 + 8*i + 28. Let l(j) = 3*j**3 + 2*j + 7. Let b(p) = -9*l(p) + 2*x(p). What is the remainder when b(-5) is divided by 16?
14
Suppose -3*n = -6*n - 3*u + 882, 3*n = 5*u + 882. What is the remainder when n is divided by 4?
2
Let n(h) = -6*h**2 - 47*h + 15. Let t be n(-12). Let m = -136 - t. Calculate the remainder when m is divided by 49.
2
Let v(f) = -f**2 + 8*f - 7. Let y be v(6). Suppose a - y = -4*a. Calculate the remainder when 32 is divided by a/((-4)/(-70)) - (-5)/(-10).
15
Suppose -2*v - 4*c - 80 = -840, 5*c = -4*v + 1514. Calculate the remainder when v is divided by 29.
28
Let m(h) = 248*h + 258*h - 511*h + 109. What is the remainder when m(17) is divided by 9?
6
Let y = -55 + 36. Let o = 62 + y. What is the remainder when 429 is divided by o?
42
Let v(p) = 53*p - 55. Let m be v(5). Suppose -10*y + 3*y = -m. What is the remainder when 82 is divided by y?
22
Let d(z) = -29*z + 7. Let x be d(-2). Let a be 1440/x - (-2)/(-13). Suppose 0 = 2*m - 8 - a. What is the remainder when 42 is divided by m?
12
Let k = -9339 + 11375. Calculate the remainder when k is divided by 204.
200
Let u(b) = 10*b**2 - 41*b + 42. Suppose 4*i + 1145 = 5*d, -3*d + 6*i = 11*i - 687. What is the remainder when d is divided by u(1)?
9
Let a(t) = -5*t. Let o(v) = -v. Let h(r) = a(r) - 4*o(r). Let j be h(-3). Calculate the remainder when (-4)/(-10) + (j - 472/(-20)) is divided by 11.
5
Let c(v) = -v**3 + 5*v**2 - v + 1. Let d(y) = 7*y - 3. Let l be d(1). Let w be c(l). Suppose 3*h + w = 436. Calculate the remainder when h is divided by 36.
33
Let s(h) = -2*h**2 - 23*h + 38. Let w be s(-13). Calculate the remainder when (-1 - 3)*(-74)/8 is divided by (-12 + w)/(5 + -6).
11
Suppose 2*u - 4*q + 12 = -9*q, -4*q = 3*u + 4. Suppose 94 = n - 3*c + 4*c, -u*c = 12. Let f = n + -9. Calculate the remainder when f is divided by 33.
22
What is the remainder when 587 is divided by (-120)/32*(-8 + (-144)/(-27))?
7
Suppose -50 = g - 62. Let q(m) = -3*m + 51. What is the remainder when 27 is divided by q(g)?
12
Suppose -46*b + 3204 = -55*b. Let h = -345 - b. What is the remainder when 13 is divided by h?
2
Let b(d) = 3*d + 83. Let l be 97/5 + (120/(-50))/6. Calculate the remainder when b(l) is divided by 21.
14
Suppose -63*g - 71*g - 88366 = -180*g. What is the remainder when g is divided by 67?
45
Suppose 0 = -13*d + 7*d + 630. Suppose -d = 20*f - 825. What is the remainder when f is divided by 3?
0
Let q(w) = 4*w**2 - 11*w - 154. Let x(p) = -p**2 + 49*p - 8. Let j be x(49). Calculate the remainder when q(j) is divided by 36.
10
Let w(p) = -3*p**2 + 24*p + 27. Calculate the remainder when 286 is divided by w(4).
61
Let w(g) = -2*g**2 + 21*g - 41. Let m be w(7). What is the remainder when (m + -46)/(1 + -3) is divided by 10?
9
Suppose 6*d - 1032 = -2*d. Suppose 4*r + m - d = 2*r, -2*m = -3*r + 204. What is the remainder when r is divided by 3*28/(-12) - -21?
10
Let y(m) = 26*m**2 + 2*m - 5. Let d be y(2). Let h be (-3)/2 - (-38)/4. Suppose -h*z + d = -9. Calculate the remainder when 52 is divided by z.
10
Suppose -k - x - 311 = 0, 2*k + 0*x = -4*x - 628. Let p = k + 397. Calculate the remainder when p is divided by 25.
14
What is the remainder when 330 is divided by 95722/792 + 10/(-9) - (-6)/(-8)?
92
Let m(n) = n**2 - 37*n + 683. What is the remainder when m(-37) is divided by 55?
11
Calculate the remainder when 779 is divided by 0 + 14 + -24 - -11.
0
Let g be 4/34 + 264/68. Suppose g*x = x + p + 95, 4*p = -2*x + 54. Calculate the remainder when (-13 + 2)*(-12 + 1) is divided by x.
28
Let c = -189 + 189. Suppose c - 16 = -q. What is the remainder when 124 is divided by q?
12
Suppose -5*x = -3*h + 8, -2*h - h + 23 = -2*x. Suppose 121 = 11*f - h. Calculate the remainder when 41 is divided by f.
5
Suppose 13*j - 1281 = 7*j - 81. Let p = -13 + 54. 